18?
6
Suppose 3*m + 35 = 6*m - 4*y, -5*y = 10. Suppose -3*u = 32 - 83. Let l be u/34*26*m. Calculate the greatest common divisor of 9 and l.
9
Let x(w) = -w**2 + 10*w - 21. Let q be x(6). Suppose q*i - 404 = -5*s, -4*i + 175 + 407 = -2*s. What is the greatest common divisor of i and 13?
13
Let i be 4/(-14) + 3/(105/3860). Let x = i + -92. Let p be (-214)/x*-1 - 16/(-144). What is the greatest common factor of 28 and p?
4
Let u(i) = 690*i - 316. Let n be u(7). Calculate the highest common factor of n and 111.
37
Let q(c) = c + 403. Let w be q(-18). Let z be 5/2*1*(0 - -14). Calculate the greatest common factor of w and z.
35
Let l(q) = q**3 - 4*q**2 + 47*q - 58. Let o be l(24). Calculate the greatest common divisor of o and 20.
10
Let z(j) = -29*j - 6*j - 23 - 26*j. Let p be z(-18). What is the greatest common divisor of p and 43?
43
Let p be (-2)/6*(-13)/(104/(-72)) + 201. What is the greatest common divisor of 297 and p?
99
Let s = -3 + 8. Let l be (-12 + 2)/(2/(-38)*(-39 - -41)). Calculate the greatest common divisor of s and l.
5
Let y(i) = -i**3 - 3*i**2 - 4*i - 4. Let m be y(-3). Let u be 4/m - 141/(-6). Calculate the highest common factor of 9 and u.
3
Let z be (2/12*-2)/(8/(-72)). Suppose -960 = z*n - 15*n. What is the highest common divisor of n and 64?
16
Let p = 11 - 9. Let k be p - (-87)/(2 - 1). Let j = k + -28. Calculate the highest common divisor of 671 and j.
61
Let a be (39/2)/(-4 + 83/20). Suppose 5*j - 145 = a. Suppose -4*m + 5*t + 174 + 12 = 0, -94 = -2*m + 3*t. Calculate the greatest common factor of m and j.
11
Suppose 0 = 6*c - 47 - 25. Let a = 13 - 1. Suppose a*l = 13*l - 2. Calculate the greatest common divisor of l and c.
2
Let z(h) = h**3 - 4*h**2 - 101*h + 512. Let c be z(5). What is the highest common divisor of 54 and c?
2
Let n(r) = 6*r - r**2 + 2*r**2 + 92 - 97. Let t be n(-9). Calculate the greatest common factor of t and 154.
22
Let o = -24 - -27. Let z be (167/(-2))/(o/(-6)). Let s = 33 + z. Calculate the greatest common divisor of 25 and s.
25
Suppose 3*f - 78 = 2*s, f = 3*f - 7*s - 35. Calculate the highest common divisor of 1358 and f.
14
Let w(r) = -2*r**3 - 43*r**2 + 15*r - 7. Let o be w(-22). What is the greatest common factor of o and 833?
49
Let z = 2 + 0. Suppose 4*x = -5*i + 469, -x - 5*i = z*x - 358. Suppose 2*a - x = -5*w + a, -1 = -a. Calculate the highest common divisor of 242 and w.
22
Let b = 1 + 12. Suppose -5*v + b = -7. Let m(u) = -1988*u - 13900. Let p be m(-7). What is the greatest common divisor of v and p?
4
Suppose -6*i + 4*i - s = -43, -12 = 4*s. Calculate the highest common divisor of i and 13961.
23
Let x = -13005 + 15073. What is the highest common factor of 940 and x?
188
Let u = 91 - -600. Suppose 20*q - u - 469 = 0. Calculate the greatest common factor of 87 and q.
29
Let j(v) = v**2 + 6*v - 82. Let o be 8/(-28) - (0 - 220/(-14)). Let h be j(o). What is the highest common divisor of 195 and h?
39
Let g be 2 + -1 + 7 + -4 + 1. Let y(q) = -3 - g*q + 24*q + 3*q - 55*q. Let l be y(-2). What is the highest common factor of l and 42?
21
Suppose -4*i + 5*i = 5*f + 5, 52 = 4*i - 4*f. Let m = 41 - -214. What is the highest common factor of m and i?
15
Suppose -8328 = -4*h - 0*a - 2*a, 3*h = 5*a + 6220. Suppose 16*z - h = 6*z. What is the greatest common factor of 32 and z?
16
Suppose -3*x + 10 = -2*r - x, -5*x - 17 = r. Let i be (-3)/(r/(448/12)). Calculate the highest common divisor of 112 and i.
16
Let w = -221 - -196. Let a(y) = 3*y + 82. Let u be a(w). What is the greatest common divisor of 91 and u?
7
Suppose 10*y = 207 + 173. Let f = y - -1. Let a be (9/3)/((-75)/f - -2). Calculate the greatest common factor of 26 and a.
13
Let b be (1*-3)/(-15) - 3957/(-15). Let q = -183 + 207. What is the highest common divisor of q and b?
24
Let o be 6/5 + (24 - (-14058)/110). Calculate the greatest common factor of 3825 and o.
153
Suppose -10948 + 11193 = 35*v. What is the greatest common divisor of 389 and v?
1
Let c = -1 + -3. Let z be (2 + c)*(-60 + 0). Let h be 2481/(-4135)*((-34)/3 + -2). What is the greatest common factor of z and h?
8
Let w be -2*2/(-8)*10. Suppose 0*n + w*n - 5*y = 1425, -n - 2*y = -294. Calculate the highest common factor of 9 and n.
9
Let s = 563 - 554. What is the greatest common divisor of 207 and s?
9
Let y(i) = -14*i - 31. Let f be y(-5). Let x = 44 - f. Suppose -x*w + 4*w + 24 = 0. What is the highest common factor of w and 60?
12
Let d = 95 - 143. Let k = d + 108. Let i(f) = f**3 + 6*f**2 - 8*f + 8. Let b be i(-7). What is the greatest common divisor of k and b?
15
Let k(g) = 8*g - 81. Let w be k(10). Let z be ((-410)/41)/((2/28)/w). Calculate the highest common divisor of z and 84.
28
Suppose -49*p - 2*h - 510 = -53*p, 0 = p + 4*h - 141. Calculate the highest common divisor of 1763 and p.
43
Suppose 28 = -4*j + f, 2*j - 35*f + 32 = -30*f. Let q be (j/10)/(51/(-170)) + 22. Calculate the highest common factor of q and 42.
6
Let f(c) = -c**2 - 19*c - 29. Let u be f(-17). Let s be 15*u/2*(-102)/(-85). Calculate the highest common divisor of s and 5.
5
Let z(i) be the third derivative of i**6/120 + i**5/12 - 3*i**4/8 - i**3/3 + i**2 + 158. Let o be z(-6). Calculate the greatest common factor of 144 and o.
16
Let h(z) = z**3 - 2*z**2 + 47. Let s be h(0). Let i = 44 - s. Let b be 4 + (1 + i - -53). Calculate the greatest common factor of 11 and b.
11
Let i = 317 - 307. Suppose 2 = -3*c - 2*y + 16, -2*y = i. Calculate the highest common factor of 88 and c.
8
Let i be ((-3283)/147)/(15/1520*(-4)/9). What is the greatest common factor of i and 8?
4
Let f be 340/425 - 1/(-5). Let k be (-220)/88*(-11 - 1/f). What is the highest common factor of k and 510?
30
Let g = -21 - -119. Suppose 6*u - g + 50 = 0. Calculate the highest common divisor of 16 and u.
8
Let y be (40/(-60))/(3 + (-33)/9). Suppose 2*a - y = 9, -3*z = 4*a - 98. Calculate the highest common factor of 650 and z.
26
Let t = 1509 + -1387. What is the greatest common factor of t and 549?
61
Suppose -238 = -53*f - 66*f. What is the highest common factor of 6 and f?
2
Let y = 4994 + -4988. Calculate the highest common factor of 363 and y.
3
Let o(i) = 4*i - 6*i**2 + 5*i**2 - 18*i + 29 + 12. Let v be o(-16). What is the greatest common divisor of v and 5?
1
Let r(x) = x**3 + 7*x**2 - 53*x - 365. Let j be r(-7). What is the highest common divisor of 10614 and j?
6
Suppose 91*s - 16703 + 1415 = 0. Calculate the greatest common divisor of 1960 and s.
56
Suppose -32*u = -31*u - 2. Suppose 0 = -u*v + 632 + 2188. Suppose 5*t + 3*l = 1169, -4*t - 466 = -2*l - v. What is the highest common divisor of t and 47?
47
Let o be 198/7 - ((-115)/(-35) - 3). Suppose 29 = o*q - 55. Calculate the highest common divisor of 84 and q.
3
Let z be -10*342/(-8)*-1*14/(-21). Suppose j + 0*j + 5*s = 42, 0 = -5*s - 15. Calculate the greatest common divisor of z and j.
57
Let w be 13580/32 + (-3)/8. What is the greatest common divisor of 104 and w?
8
Suppose 983*n - 1920 = 971*n. Let g(h) = h**2 - 4*h - 21. Let z be g(-9). Calculate the greatest common factor of n and z.
32
Suppose -5*i + 126 = -124. Suppose -3 = -q, -o + i = 2*q - 12. Calculate the highest common divisor of o and 182.
14
Suppose -2*a = -1207 - 353. Suppose 0 = -114*v + 127*v - a. What is the highest common divisor of 280 and v?
20
Let g = -168 + 164. Let q be 891/66 + 2/g. Calculate the highest common factor of q and 91.
13
Suppose 102*l - 1448 = -38*l + 38452. What is the greatest common divisor of l and 160?
5
Suppose 4*d - 5*m = 438, 4*m + 689 = 5*d + 155. What is the highest common factor of d and 1054?
34
Let g = 2597 - -3505. Calculate the greatest common factor of g and 27.
27
Suppose 14*g - 423 = 5*g. Let m = g + -41. Calculate the highest common factor of 10 and m.
2
Let j = 349 - 173. Let n(v) = -v**2 - 42*v - 180. Let y be n(-38). Let r(d) = -7*d - 180. Let h be r(y). What is the greatest common factor of h and j?
16
Let b(j) be the third derivative of -j**5/20 + 53*j**4/24 - 7*j**3/3 - 4*j**2 - 7. Let k be b(17). What is the highest common divisor of 4 and k?
4
Suppose -z = -14*z + 65. Suppose l - 279 = -5*n, 2*l = 3*n + 259 - 416. What is the greatest common factor of z and n?
5
Suppose -p = -7*p. Suppose -11*o - 4*o + 12090 = p. What is the highest common fac